are the prime factors of (((-129)/2)/n)/(12/16)?
2, 43
Let s be -2*2*57/6 + 2. List the prime factors of (-1 + 45/(-2))*s + 5.
23, 37
Suppose f = 0, 2*y + 3*f - 314 = -f. Suppose -14 + 6 = -4*r. Suppose -r*n + 310 = -5*k, -3*n + 2*n + 2*k + y = 0. What are the prime factors of n?
3, 5, 11
Suppose 75*x - 93659 = -4409. List the prime factors of x.
2, 5, 7, 17
Let i(j) = 63175*j**2 + 14*j + 1. What are the prime factors of i(1)?
2, 5, 71, 89
Let h = 160 + -341. Let c = -33 - h. List the prime factors of c.
2, 37
Suppose 0 = 33*b - 76299 - 70881. What are the prime factors of b?
2, 5, 223
Let l = -440 - 482. Let u = l - -1364. List the prime factors of u.
2, 13, 17
Let x = -10264 + 20877. List the prime factors of x.
10613
Suppose -44957 = -3*c + 5*b, -145*c - 3*b = -142*c - 44973. List the prime factors of c.
13, 1153
Let z = -2985 - -8166. List the prime factors of z.
3, 11, 157
What are the prime factors of (2020932/15)/4 - 10/1900*38?
2, 11, 1531
Suppose -96*t + 1972020 - 97236 = 0. What are the prime factors of t?
59, 331
Let c = 7 + -9. Let n(q) = -24. Let s(k) = k + 25. Let p(o) = c*s(o) - 3*n(o). What are the prime factors of p(9)?
2
Let a(h) = 546*h**2 + 29*h - 6. Let c be a(3). Suppose -161*w + c = -156*w. List the prime factors of w.
3, 37
Let t(c) be the first derivative of -19*c**2/2 + 3*c + 11. Let b be t(-6). Suppose 3*k = -3*o + b, -o + 4*k + 26 = -8. List the prime factors of o.
2, 19
Let c = 9625 + -4077. What are the prime factors of c?
2, 19, 73
Suppose -33*i + 91*i - 1647316 = 0. List the prime factors of i.
2, 11, 1291
Let i(w) = 33*w**2 + 6*w - 10*w**2 - 6*w**2 - 17 + 10*w**2. What are the prime factors of i(4)?
439
Suppose -39 = -2*v + 3*q, -v - 3*v = 4*q - 108. Let j be -1 + v/15 + (-48)/(-20). Suppose -j*o = 4*d - 31, 2*o - 6*o + 32 = -4*d. List the prime factors of o.
3
Let w(t) = t**3 + 89*t**2 + 30*t - 72. List the prime factors of w(-23).
2, 3, 1423
Let c = 8729 - -24867. What are the prime factors of c?
2, 37, 227
Suppose 0 = -55*g + 32*g + 201043. Suppose 2126 - g = -5*l. What are the prime factors of l?
3, 7
Let y = -200 - -3506. List the prime factors of y.
2, 3, 19, 29
Suppose z - 3*l + 6*l - 687 = 0, -1369 = -2*z - 5*l. Suppose -594 = -q + 5*y, y = -2*q + 461 + z. What are the prime factors of q?
569
Let z(w) = -w**2 - 7*w + 2. Let n be z(-5). Suppose -9*p + 15*p - n = 0. Suppose -p*s = 2*s - 312. What are the prime factors of s?
2, 3, 13
Let z(o) = 3*o**2 - 3*o - 4. Let m be z(2). What are the prime factors of (23556/9)/4 + m/3?
5, 131
List the prime factors of 134/(-603) - 333958/(-18).
18553
Suppose -4*g = -2*d - 26070, -20872 + 1324 = -3*g - 3*d. What are the prime factors of g?
7, 19
Let f = 59 + -9. Suppose -8*k + f = 2*k. Suppose 2*p = k*z - 232, -3*p - 23 - 109 = -3*z. List the prime factors of z.
2, 3
Let u(a) = -a**3 + 15*a**2 + 34*a + 6. Let p be u(17). List the prime factors of (9 - 2) + 233 + p.
2, 3, 41
Let y = 10854 + -3915. List the prime factors of y.
3, 257
Let m(s) = 229*s - 9. Let c be m(1). Let p(r) = r + 15. Let i be p(-13). Suppose 5*x - i*x = 12, b - c = 5*x. What are the prime factors of b?
2, 3, 5
Let l = 1320 + -490. Let w = 1487 - l. What are the prime factors of w?
3, 73
Suppose 14*b + 293*b - 1783579 = 6394287. List the prime factors of b.
2, 19, 701
Let u = 68154 - 27984. List the prime factors of u.
2, 3, 5, 13, 103
Let f(t) = t**3 - 9*t**2 + 19*t - 6. Let i be f(6). Suppose i = -56*d + 51*d + 2*w + 8632, 3*d - 5173 = -5*w. What are the prime factors of d?
2, 863
Let z(i) = 206*i + 3. Let n be z(1). Let h(y) = 0*y - 177*y**2 - 5*y + 7 + n*y**2. What are the prime factors of h(2)?
5
Suppose -67*i = -31*i. Let a = 1 - -3. Suppose -2*c = -5*u - 205, a*c - 2*u + i*u - 370 = 0. What are the prime factors of c?
2, 3, 5
Let i be (-26)/(-6) + 1 + (-7)/3. Suppose 5*p - 192 = -4*c + i*c, 176 = c + p. List the prime factors of c.
2, 43
Let r = -40 + -13. Let c = 171 + r. Let p = 192 - c. List the prime factors of p.
2, 37
Let i(z) = 18*z**2 - 74*z - 32. Let g(b) = 29*b**2 - 148*b - 64. Let a(t) = -3*g(t) + 5*i(t). What are the prime factors of a(-31)?
3, 23
Let r = 8992 - 13586. List the prime factors of (-26)/(-247) - r/38.
11
Let w be 3/2 + (-14)/(-4). Suppose -4*t = -w*o - 148 - 1393, 5*t = 4*o + 1915. What are the prime factors of t?
379
Let b = -102 - -144. Suppose 41*g = b*g - 1141. List the prime factors of g.
7, 163
Let o(q) = -2 + 2 - 142*q**2 + 974*q**2 + 3 + 3*q + 296*q**2. List the prime factors of o(-1).
2, 3, 47
Let t = 383 + -380. Let g(o) = 2*o**2 + 13*o - 39. What are the prime factors of g(t)?
2, 3
Let h be (-6333)/(-12) + 112/(-64). Let u = h + -205. List the prime factors of u.
3, 107
Suppose 16522 = -22*d + 157542. List the prime factors of d.
2, 5, 641
Suppose 5*t + 74682 = 3*q, -3*q - 23*t + 19*t + 74628 = 0. What are the prime factors of q?
2, 6221
List the prime factors of (-1 - 1) + -22314*(-5)/30.
3, 7, 59
Let y(s) = 3*s**2 + 10*s + 16. Let m be y(-23). Let x = m - 320. List the prime factors of x.
3, 13
Let x = -45805 + 131630. What are the prime factors of x?
5, 3433
Suppose 3*l + 3 = 3*b, 0 = -3*b - b + 5*l + 2. Suppose -21 = b*x - 6. What are the prime factors of (222/x)/((-4)/10)?
3, 37
Let i be 3/(-9) + ((-40460)/15)/(-7). Suppose 0 = h - 61 - i. What are the prime factors of h?
2, 223
Let h(w) = 19*w**3 - 15*w**2 + 28*w + 29. What are the prime factors of h(4)?
1117
Let q(u) = -361*u - 925. List the prime factors of q(-26).
8461
Let m(h) = -2*h**2 - 41*h + 53. Let j be m(-21). List the prime factors of j/((9/(-180))/((-8)/5)).
2
Let a(w) be the third derivative of 4*w**4 + 31*w**3/3 - 74*w**2. List the prime factors of a(4).
2, 223
Let w(t) = -24*t**3 - 2*t**2 - 11*t + 4. What are the prime factors of w(-9)?
7, 47, 53
Suppose 0 = m - 3*m + 4*g - 158, 0 = 2*m - 5*g + 160. Let a = m - -77. Suppose -4*b - a*b + 234 = 0. List the prime factors of b.
3, 13
Suppose 64*r + 3182333 = 351*r - 28*r. List the prime factors of r.
11, 1117
Suppose -6797 - 196071 = -41*q. List the prime factors of q.
2, 1237
Suppose -14*r + 5*r - 2*r = 0. Let m = 0 + 7. Suppose m*w - 6*w - 70 = r. List the prime factors of w.
2, 5, 7
Let p(t) = 2961*t**2 + 139*t - 138. What are the prime factors of p(1)?
2, 1481
Suppose 16692 = b - 4*p - 3244, 19928 = b + 4*p. What are the prime factors of b?
2, 3, 11, 151
Suppose -g + 7 = r, -3*r = -0*r - 12. Suppose g*i + 459 = 1338. What are the prime factors of i?
293
Let m(i) = -115*i**2 - i + 47. Let c(x) = -29*x**2 + 12. Let j(l) = -9*c(l) + 2*m(l). What are the prime factors of j(5)?
751
Let x(b) be the third derivative of b**6/120 + 13*b**5/60 - b**4/2 - 8*b**3/3 + 698*b**2. Suppose -6 - 20 = 2*a. What are the prime factors of x(a)?
2, 5, 7
Suppose 1476535 + 1340336 = 95*j + 296046. What are the prime factors of j?
3, 5, 29, 61
What are the prime factors of 6*(-4)/72 + 81993/9?
2, 5, 911
Let r = 5192 - -7766. List the prime factors of r.
2, 11, 19, 31
Let n be -5 + 0 + 0 + -471. Let h = 63 - n. What are the prime factors of h?
7, 11
Let y = 254 - 251. Suppose 0 = -4*w + 3*c + 431, y*w - 5*c = 2*w + 129. What are the prime factors of w?
2, 13
Let v(m) = -403*m**3 + m**2 - 4*m - 4. Let j be (2*(-2)/4)/1. List the prime factors of v(j).
2, 101
Suppose 82428 = 13*d - d. Suppose d = 6*s - 409. What are the prime factors of s?
1213
Suppose 3*o - 7 = -k, 5*k + 0*o - 46 = -4*o. Suppose -k = 4*u - 18. Suppose r = 5*t - 961, t - u*r + 201 = 2*t. List the prime factors of t.
193
Let g(l) = -18*l**3 + 10*l**2 + 15*l + 37. What are the prime factors of g(-7)?
2, 17, 97
Let g(b) = 8*b**2 + 10*b - 11. Let t(l) = 4*l**2 + 6*l - 6. Let u(r) = -2*g(r) + 5*t(r). What are the prime factors of u(8)?
2, 41
List the prime factors of -185*(3 + (-133 - -21)).
5, 37, 109
Let m(u) = u**3 + 8*u**2 + 6*u - 2. Let r be m(-7). Suppose h - 520 = -r*y, 2*h - 4*y + 0*y = 1110. What are the prime factors of h?
5, 109
Let t be ((-15)/(-12) - 2)/((-11)/132). Suppose 3630 = t*i - 447. List the prime factors of i.
3, 151
Let l = 25 + -57. Let p = 294 + -99. Let s = l + p. What are the prime factors of s?
163
Suppose -o - 248 = -2*g + g, -990 = 4*o - 2*g. Let r = o - -421. What are the prime factors of r?
2, 3, 29
Suppose 2*x - 428 = 4*w, 2*x - 2*w - 317 - 117 = 0. Let i = 843 - 